{"id":53,"date":"2019-03-23T21:16:48","date_gmt":"2019-03-23T20:16:48","guid":{"rendered":"http:\/\/tulipanesdespreocupados.com\/?page_id=53"},"modified":"2019-07-28T19:27:22","modified_gmt":"2019-07-28T18:27:22","slug":"craft-2","status":"publish","type":"page","link":"http:\/\/tulipanesdespreocupados.com\/?page_id=53","title":{"rendered":"Craft"},"content":{"rendered":"\n<figure class=\"wp-block-image\"><img loading=\"lazy\" decoding=\"async\" width=\"683\" height=\"1024\" src=\"http:\/\/tulipanesdespreocupados.com\/wp-content\/uploads\/2019\/07\/calendario-promo-683x1024.jpg\" alt=\"\" class=\"wp-image-310\" srcset=\"http:\/\/tulipanesdespreocupados.com\/wp-content\/uploads\/2019\/07\/calendario-promo-683x1024.jpg 683w, http:\/\/tulipanesdespreocupados.com\/wp-content\/uploads\/2019\/07\/calendario-promo-200x300.jpg 200w, http:\/\/tulipanesdespreocupados.com\/wp-content\/uploads\/2019\/07\/calendario-promo-768x1152.jpg 768w\" sizes=\"auto, (max-width: 683px) 100vw, 683px\" \/><\/figure>\n\n\n\n<p style=\"text-align:center\">He dise\u00f1ado este Calendario 2020 descargable con ilustraciones acompa\u00f1adas por microrrelatos y micropoemas en valenciano y en castellano para que tengas un gran a\u00f1o.<\/p>\n\n\n\n<p style=\"text-align:center\">               Mi recomendaci\u00f3n es que lo imprimas en A3 y que rellenes de rayajos los bordes con tus planazos.<\/p>\n\n\n\n<div class=\"wp-block-file\"><a href=\"http:\/\/tulipanesdespreocupados.com\/wp-content\/uploads\/2019\/07\/Calendario-2020-Marianne-L\u00f3pez-Gri\u00f1\u00f3n-Hakkoer.pdf\">Calendario-2020-Marianne-L\u00f3pez-Gri\u00f1\u00f3n-Hakkoer<\/a><a href=\"http:\/\/tulipanesdespreocupados.com\/wp-content\/uploads\/2019\/07\/Calendario-2020-Marianne-L\u00f3pez-Gri\u00f1\u00f3n-Hakkoer.pdf\" class=\"wp-block-file__button\" download>Download<\/a><\/div>\n\n\n\n<p><\/p>\n","protected":false},"excerpt":{"rendered":"<p class=\"text-justify\">He dise\u00f1ado este Calendario 2020 descargable con ilustraciones acompa\u00f1adas por microrrelatos y micropoemas en valenciano y en castellano para que tengas un [&hellip;]<\/p>\n","protected":false},"author":1,"featured_media":0,"parent":0,"menu_order":0,"comment_status":"closed","ping_status":"closed","template":"","meta":{"footnotes":""},"class_list":["post-53","page","type-page","status-publish","hentry"],"_links":{"self":[{"href":"http:\/\/tulipanesdespreocupados.com\/index.php?rest_route=\/wp\/v2\/pages\/53","targetHints":{"allow":["GET"]}}],"collection":[{"href":"http:\/\/tulipanesdespreocupados.com\/index.php?rest_route=\/wp\/v2\/pages"}],"about":[{"href":"http:\/\/tulipanesdespreocupados.com\/index.php?rest_route=\/wp\/v2\/types\/page"}],"author":[{"embeddable":true,"href":"http:\/\/tulipanesdespreocupados.com\/index.php?rest_route=\/wp\/v2\/users\/1"}],"replies":[{"embeddable":true,"href":"http:\/\/tulipanesdespreocupados.com\/index.php?rest_route=%2Fwp%2Fv2%2Fcomments&post=53"}],"version-history":[{"count":5,"href":"http:\/\/tulipanesdespreocupados.com\/index.php?rest_route=\/wp\/v2\/pages\/53\/revisions"}],"predecessor-version":[{"id":312,"href":"http:\/\/tulipanesdespreocupados.com\/index.php?rest_route=\/wp\/v2\/pages\/53\/revisions\/312"}],"wp:attachment":[{"href":"http:\/\/tulipanesdespreocupados.com\/index.php?rest_route=%2Fwp%2Fv2%2Fmedia&parent=53"}],"curies":[{"name":"wp","href":"https:\/\/api.w.org\/{rel}","templated":true}]}}